+ 7 = 0, -3*l = -4*y - 15. Suppose -k + 170 = 5*u, 2*u - l*k + 136 = 6*u. What is the tens digit of u?
3
Suppose q + 1289 = -4*v + 3416, 513 = v + 4*q. What is the hundreds digit of v?
5
Suppose 4*d + 23 = -5. Let j = 18 + d. Suppose -j*m + 15*m - 148 = 0. What is the tens digit of m?
3
Suppose -1417*d + 1421*d - 2276 = 0. What is the tens digit of d?
6
Let k = 3676 - 2102. What is the hundreds digit of k?
5
Suppose 4*s - 15*s + 9152 = 0. What is the tens digit of s?
3
Suppose 2*u = p + 2, 4*p = -7*u + 4*u + 25. Suppose 7 + 136 = w + f, 0 = w - 2*f - 137. Suppose -p*g + w + 7 = 0. What is the units digit of g?
7
Let k = 12 - 7. Suppose k*d - 168 = 2*u + 160, 4*d - 267 = -3*u. What is the tens digit of d?
6
Let s(o) = -5*o**2 + 4*o + 11. Let q(h) = h**2 + h - 1. Let d(g) = 4*q(g) + s(g). Let l be d(9). What is the tens digit of ((-165)/10)/(l/4)?
3
Suppose f - 3*v = -3*f + 21444, -2*f + 3*v + 10722 = 0. What is the thousands digit of f?
5
Suppose 5*x = 10*x + 110. What is the tens digit of (-3000)/(-165) - (-4)/x?
1
Let v(f) = -13 - 15 - 112*f - 8 + 30. What is the tens digit of v(-3)?
3
Let u = 107 - 106. What is the tens digit of (-5)/u - 1*-187?
8
Suppose 0 = 5*j + 2*o - 1905, j + o - 1527 = -3*j. What is the hundreds digit of j?
3
Suppose -4*m = 2*z + 3*z - 7, 5*m + 3*z - 12 = 0. Suppose -3*s + 308 = m*l + l, -231 = -3*l + s. What is the units digit of l?
7
Let b = -18 + 18. Let s(w) = -w**2 + 4*w - 7. Let a be s(7). What is the units digit of a*(0 + b + -1)?
8
Suppose 0 = 5*f - 2*j - 15838, 8*f - 6*f - j = 6335. What is the hundreds digit of f?
1
Let c be (-4 + 5)/(1/(-33)). Let w = c + 50. What is the tens digit of w?
1
Let b(j) = -j**2 - 20*j - 8. Let r be b(-20). What is the tens digit of r*((-30)/4 + 0)?
6
What is the units digit of 14514/27 + 24/54?
8
Suppose 4*d - 167 = r, -5*d = -4*r - 41 - 594. Let v = r - -272. What is the units digit of v?
7
Suppose 6 = -3*j - 3. Let a(y) = y**2 - 3. Let v(i) = 6*i**2 - 15. Let d(z) = -11*a(z) + 2*v(z). What is the units digit of d(j)?
2
Let j(a) = -10*a**3 + 11*a**2 - 11*a + 5. Let h(b) = 5*b**3 - 6*b**2 + 6*b - 3. Let i(x) = -11*h(x) - 6*j(x). What is the tens digit of i(2)?
4
Let m(q) = 24*q + 84. What is the units digit of m(15)?
4
Let w(m) = -26*m - 91. What is the tens digit of w(-13)?
4
Let h(z) = 8*z**2 + 41*z - 6. What is the units digit of h(7)?
3
What is the thousands digit of 1/3*(-14 + 11448 + -7)?
3
Let d be 2/(-4) - 57/(-6). Let b(y) be the second derivative of y**3/3 + y**2/2 - 12*y. What is the units digit of b(d)?
9
Let b = 963 + -512. What is the units digit of b?
1
Let p = 31 - 18. Let s = p + 3. Suppose 0*n = -2*k + n + s, -5*k + 4*n + 37 = 0. What is the units digit of k?
9
Let w = -5 + 5. Suppose s + 4*z + 1 - 42 = w, 2*z = -8. What is the units digit of s?
7
Let o(n) = 6*n**3 + 6*n**2 + 4*n - 9. Let a be o(5). Suppose -281 + a = 3*y. Suppose 0 = 5*d - 0*d - y. What is the units digit of d?
2
Let j(d) be the first derivative of -d**4/4 + 2*d**3 + 5*d**2/2 + 17*d - 11. Let x be j(7). Suppose -3*t - x + 30 = 0. What is the units digit of t?
9
Suppose 0 = 2*b - 4*v - 28, -49 = -2*b - 3*b + 3*v. Suppose 4*z + b*z - 744 = 0. What is the units digit of z?
2
Suppose -30 = 2*i + 2*n, 33 = -4*i - 3*n + 8*n. Let v = i - -85. What is the units digit of v?
3
Suppose x - 154 = -5*d + 5, -97 = -3*d + x. Let r = d - -24. What is the tens digit of r?
5
Let q(v) = -v**3 - 37*v**2 + 28*v + 114. What is the units digit of q(-38)?
4
Suppose 0 = s, 17 - 302 = -5*d - s. What is the tens digit of d?
5
Let j be 2/(-4) + 375/30. Suppose -3*r = 2*v + 9, 3*r + r = -v - j. Suppose -126 = -2*p + 4*n, 5*p - 270 = -v*p - 5*n. What is the units digit of p?
7
Suppose 5*y + 543 = 2*l + 1564, 5*l - 10 = 0. Suppose 3*o + 3*u = 147, 2*o + 2*o - y = 5*u. What is the tens digit of o?
5
What is the hundreds digit of (-3274)/(-5) + 30/25?
6
Suppose -3280 = -28*p + 20*p. What is the hundreds digit of p?
4
Let w be (-2)/8 - (-185)/20. Suppose w*z - 341 = 343. What is the tens digit of z?
7
Let r(c) be the second derivative of -4*c**3 - 17*c**2/2 - 37*c. What is the units digit of r(-5)?
3
Let q = -65 + 70. Suppose 3*o = -q*n + 561, 0*n - 465 = -4*n + 3*o. What is the tens digit of n?
1
Let d(y) = y**3 - 16*y + 10. Let r(p) = 3*p**3 + p**2 - 48*p + 30. Let t(w) = -17*d(w) + 6*r(w). What is the tens digit of t(-8)?
1
Suppose -5840 = -2*r - 5*f - 379, 5*r + f = 13595. What is the hundreds digit of r?
7
Let v(m) be the third derivative of m**5/20 - 7*m**4/8 + 11*m**2. What is the hundreds digit of v(-5)?
1
Let z = -13 + 64. Let v = z - -99. What is the units digit of -2 + v/(-1 + 4)?
8
Let i = 5440 - 3301. What is the hundreds digit of i?
1
Let a = 19 + -13. What is the units digit of a/30 + 189/5?
8
Let a = 59 + -57. Suppose -4*j + 2 = -a*g, j + 3 = 2*j. What is the units digit of g?
5
What is the hundreds digit of 7143/9 + (-10)/(-30)?
7
Let m = -1407 + 2019. Suppose -134*k + 131*k + m = 0. What is the hundreds digit of k?
2
Let b(k) = -14*k**2 + 7*k - 10. Let g(s) = -13*s**2 + 7*s - 9. Let n(r) = 3*b(r) - 4*g(r). What is the units digit of n(3)?
5
Suppose 3*v = 5*v + 8. Let q = 6 + v. Let s = q - -3. What is the units digit of s?
5
Suppose x + 59 = 4*k, -5*x - 51 = -4*k + 4. Let s be ((-2)/(-2))/((-2)/(-10)). Suppose 12 = 4*r + 4*n, -s*r + 0*n = -5*n - k. What is the units digit of r?
3
Suppose -3088 = -28*n + 24*n. What is the units digit of n?
2
Let j(t) = t**3 - 9*t**2 + 5*t - 6. Let w be j(9). Suppose r = 94 - w. What is the units digit of r?
5
Let w(b) be the third derivative of 0*b + 1/6*b**4 - 3/2*b**3 + 1/60*b**5 + 0 + 10*b**2. What is the tens digit of w(-8)?
2
Let z(a) = 2*a**2 + 4*a + 3. Let v be z(-2). Suppose -3*c = -4*i + v + 16, 4*c - 16 = -5*i. Let u = i - -10. What is the units digit of u?
4
Suppose 0 = -4*r - 16 - 4. Let b(h) = -2*h**3 - 4*h**2 + 12*h + 1. What is the units digit of b(r)?
1
Let c(w) = -w**3 + 2*w**2 + 6*w + 9. Let y be (1/((-3)/(-18)))/(-2). What is the units digit of c(y)?
6
Suppose 5*l - 43 = -2*g, 4*g + g - 73 = -l. Suppose g*f = 17*f. Suppose f*u = 5*u + 3*s - 23, -4*s = -5*u + 16. What is the units digit of u?
4
Let q(y) = 5*y + 56. Let w = -37 - -46. What is the tens digit of q(w)?
0
What is the units digit of ((-10)/(-18))/5 + 21948/27?
3
Let p = -9 - -11. Suppose -p*g + 3 = -17. Suppose -j = g - 29. What is the units digit of j?
9
Let n = 50 - 47. Suppose -n*y = -12*y + 495. What is the tens digit of y?
5
Suppose -4*a = r - 0*a + 44, -r = -4*a + 52. Let c be 1 - r - (-1 - -4). Suppose -2*b + m + 34 = 6*m, -3*b - 5*m + c = 0. What is the units digit of b?
2
Suppose -990 = -2*r + 2*j, 2*r - 513 = j + 472. Suppose 7*c - r = -0*c. What is the units digit of c?
0
Suppose g + a - 1803 = 0, -2*a = 5*g - 1635 - 7389. What is the tens digit of g?
0
Let d(z) = -8*z + 17*z**2 - 5 - 42*z**2 + 15*z**2 + z**3 - 2*z. What is the hundreds digit of d(12)?
1
Suppose -2408 = -43*c + 39*c. Suppose -2*w - c - 6 = -4*j, 0 = 3*w - 6. What is the units digit of j?
3
Suppose -14*l - 71534 = -61*l. What is the units digit of l?
2
Suppose -9*m + 18 = -27. Suppose 3*u + 206 = m*u + 2*a, 0 = -3*u - 2*a + 310. What is the hundreds digit of u?
1
Let q = 3 + -58. Let x = q - -113. What is the units digit of x?
8
Suppose -5*b + 2*a = -10, -3*b + 6*b + 2*a = -10. Suppose 5*v + w - 268 = 0, -5*w = -2*v - b*v + 91. What is the units digit of v?
3
Let b = 68 + -5. Let k = b + -38. Let t = 42 - k. What is the tens digit of t?
1
Let w(v) = 45*v**3 + 16*v - 24. What is the units digit of w(4)?
0
Let m(i) = -i**3 - 12*i**2 + 4*i + 51. Let k be m(-12). Suppose k*z - 6 = -g - 2*z, 68 = 2*g - 4*z. What is the units digit of g?
6
Let l(o) = -16*o**3 - 2*o**2 - 2*o - 1. Let t be l(-1). Suppose -z = -4*z + 2*h - 22, -5*z = h + t. What is the tens digit of (14 - -2) + -2 - z?
1
Suppose -120*l + 114*l = -2556. What is the hundreds digit of l?
4
Let b be 119/4 - (-27)/(-36). Let j = b - 10. What is the tens digit of j?
1
Suppose 4*u + 2*w = 336, w = 17*u - 18*u + 86. What is the tens digit of u?
8
Suppose -3*a + 9 = k - 2, -14 = -3*a + 2*k. Let d(n) = 7*n**2 + 8*n - a - 2*n - 6*n**2. What is the units digit of d(-9)?
3
What is the hundreds digit of 6/9*(5630 + (-12)/(-3))?
7
Suppose -w + 103 = -113. Suppose -9*p + 13*p